{"id":1447,"date":"2025-05-07T11:53:14","date_gmt":"2025-05-07T11:53:14","guid":{"rendered":"https:\/\/historischer-verein-2024.webdesign-schwaben.de\/?page_id=1447"},"modified":"2025-10-20T14:07:19","modified_gmt":"2025-10-20T14:07:19","slug":"lebendige-geschichte","status":"publish","type":"page","link":"https:\/\/www.historischer-verein-dillingen.de\/index.php\/lebendige-geschichte\/","title":{"rendered":"Lebendige Geschichte"},"content":{"rendered":"<p>[et_pb_section fb_built=&#8220;1&#8243; _builder_version=&#8220;4.22.2&#8243; _module_preset=&#8220;default&#8220; custom_padding=&#8220;||14px|||&#8220; global_colors_info=&#8220;{}&#8220;][et_pb_row _builder_version=&#8220;4.16&#8243; _module_preset=&#8220;default&#8220; global_colors_info=&#8220;{}&#8220;][et_pb_column type=&#8220;4_4&#8243; _builder_version=&#8220;4.16&#8243; _module_preset=&#8220;default&#8220; global_colors_info=&#8220;{}&#8220;][et_pb_text _builder_version=&#8220;4.27.4&#8243; text_font=&#8220;Arial||||||||&#8220; text_text_color=&#8220;#0C71C3&#8243; text_line_height=&#8220;2em&#8220; header_font=&#8220;Arial||||||||&#8220; header_text_align=&#8220;center&#8220; header_text_color=&#8220;#0C71C3&#8243; header_font_size=&#8220;42px&#8220; header_line_height=&#8220;1.2em&#8220; custom_margin=&#8220;|||&#8220; text_font_size_tablet=&#8220;&#8220; text_font_size_phone=&#8220;16px&#8220; text_font_size_last_edited=&#8220;on|phone&#8220; header_font_size_tablet=&#8220;50px&#8220; header_font_size_phone=&#8220;30px&#8220; header_font_size_last_edited=&#8220;on|phone&#8220; locked=&#8220;off&#8220; global_colors_info=&#8220;{}&#8220;]<\/p>\n<h1>Lebendige Geschichte<\/h1>\n<p>[\/et_pb_text][et_pb_text _builder_version=&#8220;4.27.4&#8243; _module_preset=&#8220;default&#8220; global_colors_info=&#8220;{}&#8220;]<\/p>\n<p>Es stellt sich vor: unsere Darstellergruppe Chronica vivens &#8211; lebendige Geschichte und Geschichtsdarstellung im Historischen Verein Dillingen<\/p>\n<p>\u201eSchuldner der Vergangenheit\u201c, so bezeichnete schon Friedrich Schiller seine Zeitgenossen. Das Bewusstsein f\u00fcr Geschichte, f\u00fcr die lokale Historie, f\u00fcr die eigenen kulturellen Wurzeln ist wichtig und darf nicht verloren gehen, denn sie ist zutiefst identit\u00e4tsstiftend. Nicht zuletzt schafft Wissen \u00fcber die eigene Geschichte bzw. \u00fcber die Geschichte des geografischen Raums, in dem man lebt, Verbundenheit und Heimat.<\/p>\n<p>Gerade der Landkreis Dillingen ist \u00fcberreich an Geschichte: \u00dcberall im Landkreis finden sich Spuren einer keltischen Besiedlung, Faimingen hatte durch die dortige Verehrung des Heilgottes Apollo-Grannus als Wallfahrtsort in der R\u00f6merzeit eine \u00fcberregionale Bedeutung. Die arch\u00e4ologische Erforschung alamannischer Gr\u00e4berfelder hat Funde von au\u00dferordentlichem Wert &#8211; heute im Stadt- und Hochstiftmuseum Dillingen zu sehen &#8211; zutage gef\u00f6rdert. Dillingen war mit seiner gewaltigen Grafenburg im Mittelalter als Herrschaft- und Regierungssitz der gleichnamigen Grafschaft ein im Deutschen Reich hervorgehobenes Machtzentrum. Die Stadt selbst war seit der Zeit ihrer Erstnennung als Civitas im Jahre 1264 und seit der Schenkung an die Kirche durch Bischof Hartmann aus dem Grafengeschlecht derer von Dillingen eng mit der politischen Situation des Bistums und Hochstifts Augsburg verbunden. Und nicht zuletzt fand eines der ebenso herausragenden, wie folgenreichsten Ereignisse f\u00fcr Bayern und die Weltgeschichte im 18. Jhd. auf dem Boden des Landkreises Dillingen statt, die Schlacht von H\u00f6chst\u00e4dt 1704.<\/p>\n<p>All diese beispielhaft gezeigten Fakten und Ereignisse sind in gleicher Weise von lokalhistorischer Bedeutung und sollten demgem\u00e4\u00df gew\u00fcrdigt werden, denn man muss die Geschichte kennen, um die Gegenwart verstehen zu k\u00f6nnen.<\/p>\n<p>Die Gruppe Chronica vivens, bestehend aus jungen Mitgliedern des Historischen Vereins Dillingen, hat sich eben dieser Aufgabe verschrieben, um von der Vergangenheit des Dillinger Landkreises ein lebendiges Bild zu vermitteln. Das im englischsprachigen Raum allgemein anerkannte Konzept der \u201eliving history\u201c, der \u201egelebten Geschichte\u201c, bietet hierbei eine hervorragende Methode.<br \/>So pr\u00e4sentiert unsere Gruppe Gew\u00e4nder, Ausr\u00fcstung und Realien aus den f\u00fcr Dillingen und den Landkreis wichtigen Epochen der R\u00f6merzeit, des Hochmittelalters und des Barock, um den Alltag fr\u00fcherer Zeiten f\u00fcr den Betrachter durch Anschaulichkeit transparenter und erfassbarer zu machen. Unser Ziel ist es, im wahrsten Sinne des Wortes in einer lebendig dargestellten Chronik, quasi in lebenden Bildern, unsere eigene, lokale Geschichte einer interessierten \u00d6ffentlichkeit in Auftritten und Vortr\u00e4gen vorzuf\u00fchren und zu vermitteln. Wir hoffen, dass uns das gelingt, und dass wir dabei weitere, an diesem Hobby interessierte Gleichgesinnte finden werden.<\/p>\n<p>Sarah Lorenz, Mitglied des Historischen Vereins Dillingen<\/p>\n<p>[\/et_pb_text][\/et_pb_column][\/et_pb_row][\/et_pb_section][et_pb_section fb_built=&#8220;1&#8243; _builder_version=&#8220;4.27.4&#8243; _module_preset=&#8220;default&#8220; custom_padding=&#8220;12px|||||&#8220; global_colors_info=&#8220;{}&#8220;][et_pb_row _builder_version=&#8220;4.27.4&#8243; _module_preset=&#8220;default&#8220; global_colors_info=&#8220;{}&#8220;][et_pb_column type=&#8220;4_4&#8243; _builder_version=&#8220;4.27.4&#8243; _module_preset=&#8220;default&#8220; global_colors_info=&#8220;{}&#8220;][et_pb_text _builder_version=&#8220;4.27.4&#8243; _module_preset=&#8220;default&#8220; global_colors_info=&#8220;{}&#8220;]<\/p>\n<p>AQUAE PHOEBIANAE Juni\/Juli 2013<\/p>\n<p>[\/et_pb_text][\/et_pb_column][\/et_pb_row][et_pb_row column_structure=&#8220;1_3,1_3,1_3&#8243; _builder_version=&#8220;4.27.4&#8243; _module_preset=&#8220;default&#8220; animation_style=&#8220;slide&#8220; global_colors_info=&#8220;{}&#8220;][et_pb_column type=&#8220;1_3&#8243; _builder_version=&#8220;4.22.2&#8243; _module_preset=&#8220;default&#8220; global_colors_info=&#8220;{}&#8220;][et_pb_image src=&#8220;https:\/\/www.historischer-verein-dillingen.de\/wp-content\/uploads\/2025\/05\/2013-06-14-1-web.jpg&#8220; title_text=&#8220;2013-06-14 1 web&#8220; align=&#8220;center&#8220; _builder_version=&#8220;4.27.4&#8243; _module_preset=&#8220;default&#8220; global_colors_info=&#8220;{}&#8220;][\/et_pb_image][\/et_pb_column][et_pb_column type=&#8220;1_3&#8243; _builder_version=&#8220;4.22.2&#8243; _module_preset=&#8220;default&#8220; global_colors_info=&#8220;{}&#8220;][et_pb_image src=&#8220;https:\/\/www.historischer-verein-dillingen.de\/wp-content\/uploads\/2025\/05\/2013-06-14-2-web.jpg&#8220; title_text=&#8220;2013-06-14 2 web&#8220; align=&#8220;center&#8220; _builder_version=&#8220;4.27.4&#8243; _module_preset=&#8220;default&#8220; global_colors_info=&#8220;{}&#8220;][\/et_pb_image][\/et_pb_column][et_pb_column type=&#8220;1_3&#8243; _builder_version=&#8220;4.22.2&#8243; _module_preset=&#8220;default&#8220; global_colors_info=&#8220;{}&#8220;][et_pb_image src=&#8220;https:\/\/www.historischer-verein-dillingen.de\/wp-content\/uploads\/2025\/05\/2013-06-14-3-web.jpg&#8220; title_text=&#8220;2013-06-14 3 web&#8220; align=&#8220;center&#8220; _builder_version=&#8220;4.27.4&#8243; _module_preset=&#8220;default&#8220; global_colors_info=&#8220;{}&#8220;][\/et_pb_image][\/et_pb_column][\/et_pb_row][\/et_pb_section][et_pb_section fb_built=&#8220;1&#8243; _builder_version=&#8220;4.27.4&#8243; _module_preset=&#8220;default&#8220; custom_padding=&#8220;12px|||||&#8220; global_colors_info=&#8220;{}&#8220;][et_pb_row _builder_version=&#8220;4.27.4&#8243; _module_preset=&#8220;default&#8220; global_colors_info=&#8220;{}&#8220;][et_pb_column type=&#8220;4_4&#8243; _builder_version=&#8220;4.27.4&#8243; _module_preset=&#8220;default&#8220; global_colors_info=&#8220;{}&#8220;][et_pb_text _builder_version=&#8220;4.27.4&#8243; _module_preset=&#8220;default&#8220; global_colors_info=&#8220;{}&#8220;]<\/p>\n<p>R\u00d6MERTAGE IN FAIMINGEN Juli 2013<\/p>\n<p>[\/et_pb_text][\/et_pb_column][\/et_pb_row][et_pb_row column_structure=&#8220;1_2,1_2&#8243; _builder_version=&#8220;4.27.4&#8243; _module_preset=&#8220;default&#8220; animation_style=&#8220;slide&#8220; global_colors_info=&#8220;{}&#8220;][et_pb_column type=&#8220;1_2&#8243; _builder_version=&#8220;4.22.2&#8243; _module_preset=&#8220;default&#8220; global_colors_info=&#8220;{}&#8220;][et_pb_image src=&#8220;https:\/\/www.historischer-verein-dillingen.de\/wp-content\/uploads\/2025\/05\/Faimingen-1-web.jpg&#8220; title_text=&#8220;Faimingen 1 web&#8220; align=&#8220;center&#8220; _builder_version=&#8220;4.27.4&#8243; _module_preset=&#8220;default&#8220; global_colors_info=&#8220;{}&#8220;][\/et_pb_image][\/et_pb_column][et_pb_column type=&#8220;1_2&#8243; _builder_version=&#8220;4.22.2&#8243; _module_preset=&#8220;default&#8220; global_colors_info=&#8220;{}&#8220;][et_pb_image src=&#8220;https:\/\/www.historischer-verein-dillingen.de\/wp-content\/uploads\/2025\/05\/Faimingen-2-web.jpg&#8220; title_text=&#8220;Faimingen 2 web&#8220; align=&#8220;center&#8220; _builder_version=&#8220;4.27.4&#8243; _module_preset=&#8220;default&#8220; global_colors_info=&#8220;{}&#8220;][\/et_pb_image][\/et_pb_column][\/et_pb_row][\/et_pb_section][et_pb_section fb_built=&#8220;1&#8243; _builder_version=&#8220;4.27.4&#8243; _module_preset=&#8220;default&#8220; custom_padding=&#8220;12px|||||&#8220; global_colors_info=&#8220;{}&#8220;][et_pb_row _builder_version=&#8220;4.27.4&#8243; _module_preset=&#8220;default&#8220; global_colors_info=&#8220;{}&#8220;][et_pb_column type=&#8220;4_4&#8243; _builder_version=&#8220;4.27.4&#8243; _module_preset=&#8220;default&#8220; global_colors_info=&#8220;{}&#8220;][et_pb_text _builder_version=&#8220;4.27.4&#8243; _module_preset=&#8220;default&#8220; global_colors_info=&#8220;{}&#8220;]<\/p>\n<p>STADTFEST DILLINGEN 2014<\/p>\n<p>[\/et_pb_text][\/et_pb_column][\/et_pb_row][et_pb_row column_structure=&#8220;1_2,1_2&#8243; use_custom_gutter=&#8220;on&#8220; make_equal=&#8220;on&#8220; _builder_version=&#8220;4.27.4&#8243; _module_preset=&#8220;default&#8220; animation_style=&#8220;slide&#8220; global_colors_info=&#8220;{}&#8220;][et_pb_column type=&#8220;1_2&#8243; _builder_version=&#8220;4.22.2&#8243; _module_preset=&#8220;default&#8220; global_colors_info=&#8220;{}&#8220;][et_pb_image src=&#8220;https:\/\/www.historischer-verein-dillingen.de\/wp-content\/uploads\/2025\/05\/2014-Dillingen-Stadtfest-3-web.jpg&#8220; title_text=&#8220;2014-Dillingen-Stadtfest 3 web&#8220; align=&#8220;center&#8220; _builder_version=&#8220;4.27.4&#8243; _module_preset=&#8220;default&#8220; global_colors_info=&#8220;{}&#8220;][\/et_pb_image][\/et_pb_column][et_pb_column type=&#8220;1_2&#8243; _builder_version=&#8220;4.22.2&#8243; _module_preset=&#8220;default&#8220; global_colors_info=&#8220;{}&#8220;][et_pb_image src=&#8220;https:\/\/www.historischer-verein-dillingen.de\/wp-content\/uploads\/2025\/05\/2014-Dillingen-Stadtfest-2-web.jpg&#8220; title_text=&#8220;2014-Dillingen-Stadtfest 2 web&#8220; align=&#8220;center&#8220; _builder_version=&#8220;4.27.4&#8243; _module_preset=&#8220;default&#8220; global_colors_info=&#8220;{}&#8220;][\/et_pb_image][\/et_pb_column][\/et_pb_row][et_pb_row column_structure=&#8220;1_2,1_2&#8243; use_custom_gutter=&#8220;on&#8220; make_equal=&#8220;on&#8220; _builder_version=&#8220;4.27.4&#8243; _module_preset=&#8220;default&#8220; animation_style=&#8220;slide&#8220; global_colors_info=&#8220;{}&#8220;][et_pb_column type=&#8220;1_2&#8243; _builder_version=&#8220;4.22.2&#8243; _module_preset=&#8220;default&#8220; global_colors_info=&#8220;{}&#8220;][et_pb_image src=&#8220;https:\/\/www.historischer-verein-dillingen.de\/wp-content\/uploads\/2025\/05\/2014-Dillingen-Stadtfest-1-web.jpg&#8220; title_text=&#8220;2014-Dillingen-Stadtfest 1 web&#8220; align=&#8220;center&#8220; _builder_version=&#8220;4.27.4&#8243; _module_preset=&#8220;default&#8220; global_colors_info=&#8220;{}&#8220;][\/et_pb_image][\/et_pb_column][et_pb_column type=&#8220;1_2&#8243; _builder_version=&#8220;4.22.2&#8243; _module_preset=&#8220;default&#8220; global_colors_info=&#8220;{}&#8220;][et_pb_image src=&#8220;https:\/\/www.historischer-verein-dillingen.de\/wp-content\/uploads\/2025\/05\/2014-Dillingen-Stadtfest-4-web.jpg&#8220; title_text=&#8220;2014-Dillingen-Stadtfest 4 web&#8220; align=&#8220;center&#8220; _builder_version=&#8220;4.27.4&#8243; _module_preset=&#8220;default&#8220; global_colors_info=&#8220;{}&#8220;][\/et_pb_image][\/et_pb_column][\/et_pb_row][et_pb_row column_structure=&#8220;1_3,1_3,1_3&#8243; _builder_version=&#8220;4.27.4&#8243; _module_preset=&#8220;default&#8220; global_colors_info=&#8220;{}&#8220;][et_pb_column type=&#8220;1_3&#8243; _builder_version=&#8220;4.27.4&#8243; _module_preset=&#8220;default&#8220; global_colors_info=&#8220;{}&#8220;][et_pb_image src=&#8220;https:\/\/www.historischer-verein-dillingen.de\/wp-content\/uploads\/2025\/10\/WhatsApp-Image-2025-10-20-at-15.52.19.jpeg&#8220; title_text=&#8220;WhatsApp Image 2025-10-20 at 15.52.19&#8243; show_in_lightbox=&#8220;on&#8220; _builder_version=&#8220;4.27.4&#8243; _module_preset=&#8220;default&#8220; global_colors_info=&#8220;{}&#8220;][\/et_pb_image][\/et_pb_column][et_pb_column type=&#8220;1_3&#8243; _builder_version=&#8220;4.27.4&#8243; _module_preset=&#8220;default&#8220; global_colors_info=&#8220;{}&#8220;][et_pb_image src=&#8220;https:\/\/www.historischer-verein-dillingen.de\/wp-content\/uploads\/2025\/10\/WhatsApp-Image-2025-10-20-at-15.54.27.jpeg&#8220; title_text=&#8220;WhatsApp Image 2025-10-20 at 15.54.27&#8243; show_in_lightbox=&#8220;on&#8220; _builder_version=&#8220;4.27.4&#8243; _module_preset=&#8220;default&#8220; global_colors_info=&#8220;{}&#8220;][\/et_pb_image][\/et_pb_column][et_pb_column type=&#8220;1_3&#8243; _builder_version=&#8220;4.27.4&#8243; _module_preset=&#8220;default&#8220; global_colors_info=&#8220;{}&#8220;][et_pb_image src=&#8220;https:\/\/www.historischer-verein-dillingen.de\/wp-content\/uploads\/2025\/10\/WhatsApp-Image-2025-10-20-at-15.52.50.jpeg&#8220; title_text=&#8220;WhatsApp Image 2025-10-20 at 15.52.50&#8243; show_in_lightbox=&#8220;on&#8220; _builder_version=&#8220;4.27.4&#8243; _module_preset=&#8220;default&#8220; global_colors_info=&#8220;{}&#8220;][\/et_pb_image][\/et_pb_column][\/et_pb_row][et_pb_row column_structure=&#8220;1_3,1_3,1_3&#8243; _builder_version=&#8220;4.27.4&#8243; _module_preset=&#8220;default&#8220; hover_enabled=&#8220;0&#8243; global_colors_info=&#8220;{}&#8220; sticky_enabled=&#8220;0&#8243;][et_pb_column type=&#8220;1_3&#8243; _builder_version=&#8220;4.27.4&#8243; _module_preset=&#8220;default&#8220; global_colors_info=&#8220;{}&#8220;][et_pb_image src=&#8220;https:\/\/www.historischer-verein-dillingen.de\/wp-content\/uploads\/2025\/10\/WhatsApp-Image-2025-10-20-at-15.58.03.jpeg&#8220; title_text=&#8220;WhatsApp Image 2025-10-20 at 15.58.03&#8243; show_in_lightbox=&#8220;on&#8220; _builder_version=&#8220;4.27.4&#8243; _module_preset=&#8220;default&#8220; global_colors_info=&#8220;{}&#8220;][\/et_pb_image][\/et_pb_column][et_pb_column type=&#8220;1_3&#8243; _builder_version=&#8220;4.27.4&#8243; _module_preset=&#8220;default&#8220; global_colors_info=&#8220;{}&#8220;][et_pb_image src=&#8220;https:\/\/www.historischer-verein-dillingen.de\/wp-content\/uploads\/2025\/10\/WhatsApp-Image-2025-10-20-at-16.04.19.jpeg&#8220; title_text=&#8220;WhatsApp Image 2025-10-20 at 16.04.19&#8243; show_in_lightbox=&#8220;on&#8220; _builder_version=&#8220;4.27.4&#8243; _module_preset=&#8220;default&#8220; hover_enabled=&#8220;0&#8243; global_colors_info=&#8220;{}&#8220; sticky_enabled=&#8220;0&#8243;][\/et_pb_image][\/et_pb_column][et_pb_column type=&#8220;1_3&#8243; _builder_version=&#8220;4.27.4&#8243; _module_preset=&#8220;default&#8220; global_colors_info=&#8220;{}&#8220;][et_pb_image src=&#8220;https:\/\/www.historischer-verein-dillingen.de\/wp-content\/uploads\/2025\/10\/WhatsApp-Image-2025-10-20-at-15.56.10.jpeg&#8220; title_text=&#8220;WhatsApp Image 2025-10-20 at 15.56.10&#8243; show_in_lightbox=&#8220;on&#8220; _builder_version=&#8220;4.27.4&#8243; _module_preset=&#8220;default&#8220; global_colors_info=&#8220;{}&#8220;][\/et_pb_image][\/et_pb_column][\/et_pb_row][\/et_pb_section]<\/p>\n","protected":false},"excerpt":{"rendered":"<p>Lebendige GeschichteEs stellt sich vor: unsere Darstellergruppe Chronica vivens &#8211; lebendige Geschichte und Geschichtsdarstellung im Historischen Verein Dillingen \u201eSchuldner der Vergangenheit\u201c, so bezeichnete schon Friedrich Schiller seine Zeitgenossen. Das Bewusstsein f\u00fcr Geschichte, f\u00fcr die lokale Historie, f\u00fcr die eigenen kulturellen Wurzeln ist wichtig und darf nicht verloren gehen, denn sie ist zutiefst identit\u00e4tsstiftend. Nicht zuletzt [&hellip;]<\/p>\n","protected":false},"author":1,"featured_media":0,"parent":0,"menu_order":0,"comment_status":"closed","ping_status":"closed","template":"","meta":{"_et_pb_use_builder":"on","_et_pb_old_content":"<p>[et_pb_section fb_built=\"1\" _builder_version=\"4.22.2\" _module_preset=\"default\" custom_padding=\"||44px|||\" global_colors_info=\"{}\"][et_pb_row _builder_version=\"4.16\" _module_preset=\"default\" global_colors_info=\"{}\"][et_pb_column type=\"4_4\" _builder_version=\"4.16\" _module_preset=\"default\" global_colors_info=\"{}\"][et_pb_text _builder_version=\"4.27.4\" text_font=\"Arial||||||||\" text_text_color=\"#0C71C3\" text_line_height=\"2em\" header_font=\"Arial||||||||\" header_text_align=\"center\" header_text_color=\"#0C71C3\" header_font_size=\"42px\" header_line_height=\"1.2em\" custom_margin=\"|||\" text_font_size_tablet=\"\" text_font_size_phone=\"16px\" text_font_size_last_edited=\"on|phone\" header_font_size_tablet=\"50px\" header_font_size_phone=\"30px\" header_font_size_last_edited=\"on|phone\" locked=\"off\" global_colors_info=\"{}\"]<\/p><h1><b>Museum<\/b><\/h1><p>[\/et_pb_text][et_pb_text _builder_version=\"4.27.4\" _module_preset=\"default\" global_colors_info=\"{}\"]<\/p><p style=\"text-align: left;\">Das Stadt- und Hochstiftmuseum zeigt bis zum 27. April 2025 eine Sonderausstellung zum 125. Geburtstag von Anton Basler<br \/>\"Anton Basler, ein Leben zwischen Holz & Kunst - Bozen & Dillingen\"<\/p><p style=\"text-align: left;\">Das Museum ist w\u00e4hrend der Sonderausstellung jeden Sonntag und Mittwoch von 14 bis 17 Uhr ge\u00f6ffnet.<\/p><p style=\"text-align: left;\">F\u00fcr aktuelle Informationen \u00fcber das Stadt- und Hochstiftmuseum besuchen Sie die Homepage der Stadt Dillingen, dort ist das Museum mit einer eigenen Seite vertreten.<br \/><a href=\"https:\/\/www.dillingen-donau.de\/tourismus\/stadt-hochstiftmuseum\/das-museum\" target=\"_blank\" rel=\"noopener\">https:\/\/www.dillingen-donau.de\/tourismus\/stadt-hochstiftmuseum\/das-museum<\/a><\/p><p style=\"text-align: left;\">[\/et_pb_text][\/et_pb_column][\/et_pb_row][et_pb_row column_structure=\"3_5,2_5\" _builder_version=\"4.27.4\" _module_preset=\"default\" animation_style=\"slide\" global_colors_info=\"{}\"][et_pb_column type=\"3_5\" _builder_version=\"4.22.2\" _module_preset=\"default\" global_colors_info=\"{}\"][et_pb_image src=\"https:\/\/www.historischer-verein-dillingen.de\/wp-content\/uploads\/2025\/05\/Bildschirmfoto-2025-05-07-um-13.00.13.png\" title_text=\"Bildschirmfoto 2025-05-07 um 13.00.13\" url=\"https:\/\/discover.matterport.com\/space\/bPsGMdzfJcH\" _builder_version=\"4.27.4\" _module_preset=\"default\" global_colors_info=\"{}\"][\/et_pb_image][\/et_pb_column][et_pb_column type=\"2_5\" _builder_version=\"4.22.2\" _module_preset=\"default\" global_colors_info=\"{}\"][et_pb_text _builder_version=\"4.27.4\" _module_preset=\"default\" global_colors_info=\"{}\"]<\/p><p>Mit einem Klick auf dieses Bild gelangen Sie auf einen virtuellen Rundgang durch das Museum. Wir w\u00fcnschen Ihnen dabei viel Vergn\u00fcgen, freuen uns Sie auch pers\u00f6nlich im Stadt- und Hochstiftmuseum begr\u00fc\u00dfen zu d\u00fcrfen.<\/p><p>[\/et_pb_text][\/et_pb_column][\/et_pb_row][et_pb_row _builder_version=\"4.27.4\" _module_preset=\"default\" global_colors_info=\"{}\"][et_pb_column type=\"4_4\" _builder_version=\"4.27.4\" _module_preset=\"default\" global_colors_info=\"{}\"][et_pb_text _builder_version=\"4.27.4\" _module_preset=\"default\" global_colors_info=\"{}\"]<\/p><h1>Stadt- und Hochstiftmuseum Dillingen<\/h1><p>Das Stadt- und Hochstiftmuseum wurde im Jahre 1981 im heutigen Geb\u00e4ude, im ehemaligen Unteren Stiftshaus, Hafenmarkt 11, eingerichtet.<\/p><p>Das Haus geht im Kern auf das 15.\/16. Jahrhundert zur\u00fcck. Im 17. Jahrhundert wurde es vergr\u00f6\u00dfert und nach S\u00fcden \u00fcber die alte Stadtmauer hinaus gebaut. Deshalb verlief noch bis zur Mitte des 18. Jahrhunderts der Wehrgang im 1. Stock der s\u00fcdlichen Hausfront. Der sogenannte Bogen, eine Durchfahrt unter dem Haus, sicherte weiterhin die ungehinderte Nutzung des Weges entlang der Stadtmauer. Das ist bis heute so geblieben.<\/p><p>Aus dem Besitz des Stiftes St. Peter kam das deshalb so genannte Stiftshaus nach der S\u00e4kularisation 1803 in Bayerischen Staatsbesitz und diente unter dem Namen Fronfeste als Gef\u00e4ngnis. Noch 1884 findet sich diese Bezeichnung im neuen Hausnummernregister der Stadt Dillingen.<\/p><p>Der heute gezeigte Museumsbestand stammt zum gr\u00f6\u00dften Teil aus dem Besitz des Historischen Vereins Dillingen. Gerade die wertvollen Exponate der Vor- und Fr\u00fchgeschichtsabteilung gehen auf die durch den Verein schon seit dem 19. Jahrhundert durchgef\u00fchrten arch\u00e4ologischen Ausgrabungen im Landkreis zur\u00fcck.<\/p><p>Erweiterung des Museums<\/p><p>An das Untere Stiftshaus grenzt im S\u00fcdosten das sogenannte Angererhaus. Erbaut Anfang des 16. Jahrhunderts geh\u00f6rt zu den \u00e4ltesten Geb\u00e4uden der Donaustadt. 2004 wurde es von der Stadt Dillingen erworben, um es an den bisherigen Museumskomplex anzugliedern. Im Jahr 2006 begann die Sanierung. Nicht weniger als 1,4 Millionen Euro wurden investiert. Am 28.04.2008 wurde der neue Museumstrakt der \u00d6ffentlichkeit \u00fcbergeben. Die neuen R\u00e4umlichkeiten sind mittels Durchg\u00e4ngen und Treppenplattformen direkt an das alte Museumsgeb\u00e4ude angeschlossen und auf diese Weise in die Gesamtkonzeption des Museums mit einbezogen. Das Museum wird nun auch behindertenfreundlich durch einen modernen Aufzug erschlossen.<\/p><h2>Was gibt es zu sehen?<\/h2><p>Im Museum k\u00f6nnen folgende Abteilungen besichtigt werden. Die beigef\u00fcgten Bilder m\u00f6gen einen kleinen Eindruck von der fachgerechten und stilvollen und Museumspr\u00e4sentation vermitteln.<\/p><p>Unteres Stiftshaus<\/p><p>Keller: Mittelalterliche Strafjustiz, Gef\u00e4ngniszelle, der Bayerische Hiasl<\/p><p>Erdgeschoss: Druckerei, Weigand-Schmiede<\/p><p>1. Obergeschoss: Steinzeit, Kelten (Hallstatt und Lat\u00e8ne), R\u00f6mer, Fr\u00fches Mittelalter<\/p><p>2. Obergeschoss: Stadtgeschichte Dillingen: wird zurzeit umstrukturiert<\/p><p>Hochstift Augsburg: Wallfahrtswesen und private Fr\u00f6mmigkeit, F\u00fcrstbisch\u00f6fe, Kirchen und Kl\u00f6ster, Universit\u00e4t Dillingen<\/p><p>Dachgeschoss: \u00d6rtliches Handwerk: Zunftwesen, Brauereiwesen, Schusterei, Drechslerei, Stadtfischerei, Sch\u00e4fflerei, Kaltmangel<\/p><p>Abteilungen im Angererhaus<\/p><p>Die Kupferschmiede Angerer \u2013 Beispiel einer Dillinger Handwerkerfamilie<br \/>Sebastian Kneipp - Dillingen, die Geburtsst\u00e4tte der Wasserkur<br \/>Johann Evangelist Wagner - Regens Wagner und seine Stiftung<br \/>Franziskanerinnen in Dillingen<br \/>Dillinger Universit\u00e4tsdrucker<br \/>Dillinger K\u00fcnstler und ihr Werk (z. B. Heinrich Vogtherr der \u00c4ltere, Hugo von Habermann)<br \/>Wilhelm Bauer \u2013 der Erfinder des U-Boots<br \/>Dr. G\u00fcnther Christlein \u2013 Plastiken<br \/>Galerie im Obergeschoss: Wechselausstellungen zu Dillinger K\u00fcnstlern<\/p><h2>\u00d6ffnungszeiten:<\/h2><p>Das Museum ist am 1. und 3. Sonntag des Monats von 14.00 bis 17.00 Uhr<br \/>und jeden Mittwoch ebenfalls von 14.00 bis 17.00 Uhr ge\u00f6ffnet.<\/p><p>Auch au\u00dferhalb der \u00d6ffnungszeiten bieten wir gerne F\u00fchrungen an. Terminvereinbarung \u00fcber Herrn Lothar Schmied (Kulturamt Dillingen) Tel.: 09071-54195.<\/p><p>Didaktisches Material f\u00fcr Schulklassen steht zur Verf\u00fcgung.<\/p><p>Der Museumsbesuch ist kostenlos.<\/p><p>Das Stadt- und Hochstiftmuseum freut sich auf Ihren Besuch.<\/p><p>Durch Anklicken der Flyer k\u00f6nnen Sie diese in ganzer Gr\u00f6\u00dfe anschauen.<\/p><p>\u00a0<\/p><p>[\/et_pb_text][\/et_pb_column][\/et_pb_row][et_pb_row column_structure=\"1_2,1_2\" _builder_version=\"4.27.4\" _module_preset=\"default\" width=\"81%\" max_width=\"594px\" animation_style=\"slide\" hover_enabled=\"0\" global_colors_info=\"{}\" make_equal=\"on\" sticky_enabled=\"0\"][et_pb_column type=\"1_2\" _builder_version=\"4.22.2\" _module_preset=\"default\" global_colors_info=\"{}\"][et_pb_image src=\"https:\/\/www.historischer-verein-dillingen.de\/wp-content\/uploads\/2025\/05\/Flyer_Hochstiftmuseum-klein.jpg\" title_text=\"Flyer_Hochstiftmuseum klein\" url=\"https:\/\/www.historischer-verein-dillingen.de\/wp-content\/uploads\/2025\/05\/Flyer_Hochstiftmuseum.pdf.pdf\" url_new_window=\"on\" force_fullwidth=\"on\" _builder_version=\"4.27.4\" _module_preset=\"default\" global_colors_info=\"{}\"][\/et_pb_image][\/et_pb_column][et_pb_column type=\"1_2\" _builder_version=\"4.22.2\" _module_preset=\"default\" global_colors_info=\"{}\"][et_pb_image src=\"https:\/\/www.historischer-verein-dillingen.de\/wp-content\/uploads\/2025\/05\/Flyer_Hochstiftmuseum_Ausgrabungen_NEU-klein.jpg\" title_text=\"Flyer_Hochstiftmuseum_Ausgrabungen_NEU klein\" url=\"https:\/\/www.historischer-verein-dillingen.de\/wp-content\/uploads\/2025\/05\/Flyer_Hochstiftmuseum_Ausgrabungen_NEU.pdf.pdf\" url_new_window=\"on\" force_fullwidth=\"on\" _builder_version=\"4.27.4\" _module_preset=\"default\" global_colors_info=\"{}\"][\/et_pb_image][\/et_pb_column][\/et_pb_row][et_pb_row _builder_version=\"4.27.4\" _module_preset=\"default\" global_colors_info=\"{}\"][et_pb_column type=\"4_4\" _builder_version=\"4.27.4\" _module_preset=\"default\" global_colors_info=\"{}\"][et_pb_text _builder_version=\"4.27.4\" _module_preset=\"default\" global_colors_info=\"{}\"]<\/p><p class=\"Stil5\"><em><strong>Museumskurator: Joerg Roller, Dillingen<\/strong><\/em><\/p><p class=\"Stil5\">Tel: 09071-4400<\/p><p class=\"Stil5\">Mail: museum@dillingen-donau.eu<\/p><p>[\/et_pb_text][\/et_pb_column][\/et_pb_row][\/et_pb_section]<\/p>","_et_gb_content_width":"","footnotes":""},"class_list":["post-1447","page","type-page","status-publish","hentry"],"_links":{"self":[{"href":"https:\/\/www.historischer-verein-dillingen.de\/index.php\/wp-json\/wp\/v2\/pages\/1447","targetHints":{"allow":["GET"]}}],"collection":[{"href":"https:\/\/www.historischer-verein-dillingen.de\/index.php\/wp-json\/wp\/v2\/pages"}],"about":[{"href":"https:\/\/www.historischer-verein-dillingen.de\/index.php\/wp-json\/wp\/v2\/types\/page"}],"author":[{"embeddable":true,"href":"https:\/\/www.historischer-verein-dillingen.de\/index.php\/wp-json\/wp\/v2\/users\/1"}],"replies":[{"embeddable":true,"href":"https:\/\/www.historischer-verein-dillingen.de\/index.php\/wp-json\/wp\/v2\/comments?post=1447"}],"version-history":[{"count":12,"href":"https:\/\/www.historischer-verein-dillingen.de\/index.php\/wp-json\/wp\/v2\/pages\/1447\/revisions"}],"predecessor-version":[{"id":2086,"href":"https:\/\/www.historischer-verein-dillingen.de\/index.php\/wp-json\/wp\/v2\/pages\/1447\/revisions\/2086"}],"wp:attachment":[{"href":"https:\/\/www.historischer-verein-dillingen.de\/index.php\/wp-json\/wp\/v2\/media?parent=1447"}],"curies":[{"name":"wp","href":"https:\/\/api.w.org\/{rel}","templated":true}]}}