{"id":1490,"date":"2025-05-07T14:27:56","date_gmt":"2025-05-07T14:27:56","guid":{"rendered":"https:\/\/historischer-verein-2024.webdesign-schwaben.de\/?page_id=1490"},"modified":"2025-12-17T18:14:29","modified_gmt":"2025-12-17T18:14:29","slug":"jahrbuch","status":"publish","type":"page","link":"https:\/\/www.historischer-verein-dillingen.de\/index.php\/jahrbuch\/","title":{"rendered":"Jahrbuch"},"content":{"rendered":"<p>[et_pb_section fb_built=&#8220;1&#8243; _builder_version=&#8220;4.22.2&#8243; _module_preset=&#8220;default&#8220; custom_padding=&#8220;||44px|||&#8220; global_colors_info=&#8220;{}&#8220;][et_pb_row _builder_version=&#8220;4.16&#8243; _module_preset=&#8220;default&#8220; global_colors_info=&#8220;{}&#8220;][et_pb_column type=&#8220;4_4&#8243; _builder_version=&#8220;4.16&#8243; _module_preset=&#8220;default&#8220; global_colors_info=&#8220;{}&#8220;][et_pb_text _builder_version=&#8220;4.27.4&#8243; text_font=&#8220;Arial||||||||&#8220; text_text_color=&#8220;#0C71C3&#8243; text_line_height=&#8220;2em&#8220; header_font=&#8220;Arial||||||||&#8220; header_text_align=&#8220;center&#8220; header_text_color=&#8220;#0C71C3&#8243; header_font_size=&#8220;42px&#8220; header_line_height=&#8220;1.2em&#8220; custom_margin=&#8220;|||&#8220; text_font_size_tablet=&#8220;&#8220; text_font_size_phone=&#8220;16px&#8220; text_font_size_last_edited=&#8220;on|phone&#8220; header_font_size_tablet=&#8220;50px&#8220; header_font_size_phone=&#8220;30px&#8220; header_font_size_last_edited=&#8220;on|phone&#8220; locked=&#8220;off&#8220; global_colors_info=&#8220;{}&#8220;]<\/p>\n<h1>Jahrbuch<\/h1>\n<p>[\/et_pb_text][et_pb_text _builder_version=&#8220;4.27.4&#8243; _module_preset=&#8220;default&#8220; hover_enabled=&#8220;0&#8243; global_colors_info=&#8220;{}&#8220; sticky_enabled=&#8220;0&#8243;]<\/p>\n<p>Hier finden Sie alle bisher in diese Webseite eingebundenen Jahrb\u00fccher nach Jahrg\u00e4ngen sortiert.<br \/>Wir setzen die Arbeit daran st\u00e4ndig fort, es lohnt sich also sp\u00e4ter wieder vorbei zu sehen.<\/p>\n<p>[\/et_pb_text][\/et_pb_column][\/et_pb_row][et_pb_row _builder_version=&#8220;4.27.4&#8243; _module_preset=&#8220;default&#8220; global_colors_info=&#8220;{}&#8220;][et_pb_column type=&#8220;4_4&#8243; _builder_version=&#8220;4.27.4&#8243; _module_preset=&#8220;default&#8220; global_colors_info=&#8220;{}&#8220;][et_pb_filterable_portfolio fullwidth=&#8220;off&#8220; include_categories=&#8220;65,66,67&#8243; show_categories=&#8220;off&#8220; zoom_icon_color=&#8220;#0C71C3&#8243; hover_overlay_color=&#8220;rgba(255,255,255,0.64)&#8220; _builder_version=&#8220;4.27.4&#8243; _module_preset=&#8220;default&#8220; title_text_align=&#8220;center&#8220; title_font_size=&#8220;25px&#8220; pagination_text_color=&#8220;#0C71C3&#8243; module_alignment=&#8220;center&#8220; animation_style=&#8220;slide&#8220; border_color_all_image=&#8220;#0C71C3&#8243; global_colors_info=&#8220;{}&#8220;][\/et_pb_filterable_portfolio][\/et_pb_column][\/et_pb_row][et_pb_row column_structure=&#8220;1_2,1_2&#8243; _builder_version=&#8220;4.27.4&#8243; _module_preset=&#8220;default&#8220; global_colors_info=&#8220;{}&#8220;][et_pb_column type=&#8220;1_2&#8243; _builder_version=&#8220;4.27.4&#8243; _module_preset=&#8220;default&#8220; global_colors_info=&#8220;{}&#8220;][et_pb_text _builder_version=&#8220;4.27.4&#8243; _module_preset=&#8220;default&#8220; global_colors_info=&#8220;{}&#8220;]<\/p>\n<p>Das Jahrbuch des Historischen Vereins Dillingen 2022\/23 befasst sich mit der Gundelfinger Spitalgeschichte<\/p>\n<p>Die Geschichte des Spitals in Gundelfingen steht im Mittelpunkt des neusten Jahrbuchs des Historischen Vereins Dillingen, das soeben erschienen ist. Darin zeichnen unterschiedliche Autorinnen und Autoren die Anf\u00e4nge des Hauses bis in die Gegenwart nach.<\/p>\n<p>Elf Beitr\u00e4ge, die sich mit dem Gundelfinger Spital und dessen Entwicklungen besch\u00e4ftigen, versammelt das neue Jahrbuch des Historischen Vereins Dillingen.<br \/>Beginnend bei der Gr\u00fcndung des Hauses nehmen die Beitr\u00e4ge die Entwicklung des Spitals in den Blick, erz\u00e4hlen von seiner Geschichte, den Bewohnern und dem heutigen Leben in den historischen Mauern. So behandeln die Beitr\u00e4ge nicht nur die Armen- und Pflegegeschichte in Gundelfingen und Bayerisch-Schwaben, sondern blicken dar\u00fcber hinaus auf den historischen Umgang mit sozial Randst\u00e4ndigen und beleuchten die medizinische Versorgung und Pflege in Bayern.<br \/>Ganz weit zur\u00fcck geht der Heimatforscher Georg W\u00f6rishofer, der sich an die Transkription der Urkunden gemacht hat, in welchen das Spital erstmals Erw\u00e4hnung findet. So stiftete Hans Sitzenberger 1418 all sein Hab und Gut dem Spital, das sich seitdem in st\u00e4dtischem Besitz befindet, wovon auch die zweite im Buch beschriebene Urkunde Zeugnis ablegt.<br \/>Zwar gab es mutma\u00dflich schon vor diesen schriftlichen Nachweisen bereits ein Spital in Gundelfingen, offiziell wird die Erw\u00e4hnung jenes Hauses aber erst auf das Jahr 1418 datiert. Zu dessen Ehren fand exakt 600 Jahre sp\u00e4ter ein wissenschaftliches Kolloquium in Gundelfingen statt, dessen Ergebnisse nun auch in schriftlicher Form dieses Jahrbuchs vorliegen.<\/p>\n<p>[\/et_pb_text][\/et_pb_column][et_pb_column type=&#8220;1_2&#8243; _builder_version=&#8220;4.27.4&#8243; _module_preset=&#8220;default&#8220; global_colors_info=&#8220;{}&#8220;][et_pb_image src=&#8220;https:\/\/www.historischer-verein-dillingen.de\/wp-content\/uploads\/2025\/05\/Jahrbuch-2022-23.jpg&#8220; title_text=&#8220;Jahrbuch-2022-23&#8243; align=&#8220;center&#8220; force_fullwidth=&#8220;on&#8220; _builder_version=&#8220;4.27.4&#8243; _module_preset=&#8220;default&#8220; global_colors_info=&#8220;{}&#8220;][\/et_pb_image][\/et_pb_column][\/et_pb_row][et_pb_row _builder_version=&#8220;4.27.4&#8243; _module_preset=&#8220;default&#8220; global_colors_info=&#8220;{}&#8220;][et_pb_column type=&#8220;4_4&#8243; _builder_version=&#8220;4.27.4&#8243; _module_preset=&#8220;default&#8220; global_colors_info=&#8220;{}&#8220;][et_pb_text _builder_version=&#8220;4.27.4&#8243; _module_preset=&#8220;default&#8220; global_colors_info=&#8220;{}&#8220;]<\/p>\n<p>Die historische Entwicklung des Hauses seit seinen Urspr\u00fcngen arbeiten die Beitr\u00e4ge ebenso heraus, wie auch die Situation der Pflegenden Thema ist. So beschreibt etwa Dr. Susanne Kaup in ihrem Beitrag die Geschichte des Ordens der Barmherzigen Schwestern vom hl. Vinzenz von Paul, der zeitweise die Pflege der Patientinnen und Patienten in Gundelfingen \u00fcbernahm. Eigentlich aus Stra\u00dfburg stammend hatte sich der Orden in M\u00fcnchen niedergelassen, von wo aus sich der gute Ruf der Schwestern schnell verbreitete &#8211; bis nach Gundelfingen, wo der Stadtmagistrat im Jahr 1870 die Aufgabe zur Pflege an den Orden \u00fcbertrug, der dann am 1. August 1871 seine Arbeit aufnahm.<br \/>Andere Beitr\u00e4ge wie der der Dillinger Stadtarchivarin Felicitas S\u00f6hner schlie\u00dfen an Kaups Beitrag an. Sie erz\u00e4hlt von der Gr\u00fcndung einer medizinischen Fakult\u00e4t an der Universit\u00e4t zu Dillingen, bei der wiederum das Dillinger Spital als Keimzelle diente.<br \/>Neben Beitr\u00e4gen zur regionalen Geschichte gibt es auch \u00fcber die Region hinausweisende Aufs\u00e4tze wie den von Artur Diermeier der in \u201earmen laeuten zu trost \u2013 Hospit\u00e4ler in Bayern\u201c auf die Urspr\u00fcnge der \u00fcber 600 in Bayern vorhandenen Hospit\u00e4ler und deren Gr\u00fcnder blickt.<br \/>Professor Wolfang W\u00fcst erl\u00e4utert in seinem Tagungsbeitrag die historische \u201eArmen-, Alten und Bettelf\u00fcrsorge\u201c in S\u00fcddeutschland und zeigt, wie St\u00e4dte wie Dillingen oder Augsburg dem grassierendem Bettlertum mit Ma\u00dfnahmen von einzelnen Verordnungen bis zu Zucht- und Arbeitsh\u00e4usern beikommen wollten.<br \/>F\u00fcr heimatgeschichtlich Interessierte stellt dieses Jahrbuch des Historischen Vereins eine gro\u00dfe Fundgrube dar. Nicht zuletzt ist das Buch auch eine ideale Vorbereitung auf die bald in Dillingen und Ursberg stattfindende Bayerische Landesausstellung, die sich ebenso wie dieser Band mit dem Thema der Pflege besch\u00e4ftigen wird.<br \/>Zu beziehen ist das Jahrbuch \u00fcber den Historischen Verein Dillingen und die Buchhandlung Brenner.<\/p>\n<p>F\u00fcr den Historischen Verein: Marius M\u00fcller, Studienbibliothek Dillingen<\/p>\n<p>[\/et_pb_text][\/et_pb_column][\/et_pb_row][et_pb_row _builder_version=&#8220;4.27.4&#8243; _module_preset=&#8220;default&#8220; global_colors_info=&#8220;{}&#8220;][et_pb_column type=&#8220;4_4&#8243; _builder_version=&#8220;4.27.4&#8243; _module_preset=&#8220;default&#8220; global_colors_info=&#8220;{}&#8220;][et_pb_text _builder_version=&#8220;4.27.4&#8243; _module_preset=&#8220;default&#8220; global_colors_info=&#8220;{}&#8220;]<\/p>\n<p>114 Jahrg\u00e4nge des Jahrbuchs des Historischen Vereins Dillingen sind online verf\u00fcgbar.<br \/>Die Pr\u00e4sentation wurde um 37 Jahrg\u00e4nge erweitert, komplett neu aufbereitet und erm\u00f6glicht jetzt auch die Volltextrecherche und den Download.<br \/>Die Digitalisierung dieser landeskundlichen Zeitschrift wird von der Universit\u00e4tsbibliothek Augsburg in Kooperation mit dem Historischen Verein Dillingen im Rahmen der Bayerischen Landesbibliothek Online durchgef\u00fchrt.<\/p>\n<p><a href=\"http:\/\/digital.bib-bvb.de\/collections\/UBA\/#\/collection\/DTL-2193\" target=\"_blank\" rel=\"noopener\">Jahrb\u00fccher der Jahrg\u00e4nge 1888 bis 2013 des Historischen Verein Dillingen<\/a><\/p>\n<p>Verwenden Sie zur band\u00fcbergreifenden Suche bitte folgenden Sucheinstieg, w\u00e4hlen Sie die Sammlung der Universit\u00e4tsbibliothek Augsburg.<\/p>\n<p><a href=\"http:\/\/digital.bib-bvb.de\/R\/B23ABLH8NQFLLRDG5PRH2KQXCU6S53FLH6IUYVBXPG1JSA22HY-01705\" target=\"_blank\" rel=\"noopener\" title=\"http:\/\/digital.bib-bvb.de\/R\/B23ABLH8NQFLLRDG5PRH2KQXCU6S53FLH6IUYVBXPG1JSA22HY-01705\">http:\/\/digital.bib-bvb.de\/R\/B23ABLH8NQFLLRDG5PRH2KQXCU6S53FLH6IUYVBXPG1JSA22HY-01705<\/a><\/p>\n<p>&nbsp;<\/p>\n<p>[\/et_pb_text][\/et_pb_column][\/et_pb_row][et_pb_row column_structure=&#8220;1_3,1_3,1_3&#8243; _builder_version=&#8220;4.27.4&#8243; _module_preset=&#8220;default&#8220; global_colors_info=&#8220;{}&#8220;][et_pb_column type=&#8220;1_3&#8243; _builder_version=&#8220;4.27.4&#8243; _module_preset=&#8220;default&#8220; global_colors_info=&#8220;{}&#8220;][et_pb_image src=&#8220;https:\/\/www.historischer-verein-dillingen.de\/wp-content\/uploads\/2025\/05\/j04.jpg&#8220; title_text=&#8220;j04&#8243; show_in_lightbox=&#8220;on&#8220; use_overlay=&#8220;on&#8220; hover_overlay_color=&#8220;rgba(255,255,255,0.55)&#8220; force_fullwidth=&#8220;on&#8220; _builder_version=&#8220;4.27.4&#8243; _module_preset=&#8220;default&#8220; global_colors_info=&#8220;{}&#8220;][\/et_pb_image][\/et_pb_column][et_pb_column type=&#8220;1_3&#8243; _builder_version=&#8220;4.27.4&#8243; _module_preset=&#8220;default&#8220; global_colors_info=&#8220;{}&#8220;][et_pb_image src=&#8220;https:\/\/www.historischer-verein-dillingen.de\/wp-content\/uploads\/2025\/05\/reg-1.jpg&#8220; title_text=&#8220;reg-1&#8243; show_in_lightbox=&#8220;on&#8220; use_overlay=&#8220;on&#8220; hover_overlay_color=&#8220;rgba(255,255,255,0.55)&#8220; force_fullwidth=&#8220;on&#8220; _builder_version=&#8220;4.27.4&#8243; _module_preset=&#8220;default&#8220; global_colors_info=&#8220;{}&#8220;][\/et_pb_image][\/et_pb_column][et_pb_column type=&#8220;1_3&#8243; _builder_version=&#8220;4.27.4&#8243; _module_preset=&#8220;default&#8220; global_colors_info=&#8220;{}&#8220;][et_pb_image src=&#8220;https:\/\/www.historischer-verein-dillingen.de\/wp-content\/uploads\/2025\/05\/j05.jpg&#8220; title_text=&#8220;j05&#8243; show_in_lightbox=&#8220;on&#8220; use_overlay=&#8220;on&#8220; hover_overlay_color=&#8220;rgba(255,255,255,0.55)&#8220; force_fullwidth=&#8220;on&#8220; _builder_version=&#8220;4.27.4&#8243; _module_preset=&#8220;default&#8220; global_colors_info=&#8220;{}&#8220;][\/et_pb_image][\/et_pb_column][\/et_pb_row][et_pb_row column_structure=&#8220;2_3,1_3&#8243; _builder_version=&#8220;4.27.4&#8243; _module_preset=&#8220;default&#8220; global_colors_info=&#8220;{}&#8220;][et_pb_column type=&#8220;2_3&#8243; _builder_version=&#8220;4.27.4&#8243; _module_preset=&#8220;default&#8220; global_colors_info=&#8220;{}&#8220;][et_pb_text _builder_version=&#8220;4.27.4&#8243; _module_preset=&#8220;default&#8220; global_colors_info=&#8220;{}&#8220;]<\/p>\n<h2>Jahrbuch des Historischen Vereins Dillingen<\/h2>\n<p>Das Jahrbuch des Historischen Vereins Dillingen erschien zum ersten Mal im Jahre 1888, im Jahr der Gr\u00fcndung des Vereins. Es wird heute als das \u201eFlaggschiff\u201c des Vereins bezeichnet.<\/p>\n<p>Die ersten Jahrb\u00fccher dienten haupts\u00e4chlich der Ver\u00f6ffentlichung von Ergebnissen der damals zahlreich stattfindenden arch\u00e4ologischen Ausgrabungen im Landkreis Dillingen. Das Publikationsorgan des Historischen Vereins Dillingen genoss bald so hohes Ansehen in Fachkreisen, dass auch benachbarte historische Vereine, wie die von Oettingen, Neu-Ulm und G\u00fcnzburg, ihre Ausgrabungsberichte im Dillinger Jahrbuch abdrucken lie\u00dfen. Von Anfang an erhob das Jahrbuch also einen hohen wissenschaftlichen Anspruch.<\/p>\n<p>Mit einer kleinen Unterbrechung w\u00e4hrend des II. Weltkriegs erschien das Jahrbuch regelm\u00e4\u00dfig fortlaufend bis zum heutigen Tag.<\/p>\n<p>Alle Anfragen, Manuskriptsendungen usw., die das Jahrbuch betreffen, werden an folgende Adresse erbeten:<\/p>\n<p>Schriftleitung des Jahrbuchs<br \/>des Historischen Vereins Dillingen<br \/>Dr. Arnold Schromm<br \/>Freybergstra\u00dfe 1<br \/>89407 Dillingen a. d. Donau<br \/>Tel.: 09071-71119<br \/>e-mail: arnold.g.schromm@gmx.de<\/p>\n<p>Die Mitglieder des Redaktionsteams gehen mit Zuversicht an die Arbeit. Sie verstehen sich als Sachwalter des Vereins, dessen Ziele sie f\u00f6rdern wollen: das historische Bewusstsein der Mitglieder durch Vereinspublikationen weiter zu vertiefen, der Tradition ihren Stellenwert in einer zunehmend orientierungslos gewordenen Gesellschaft zu sichern; denn \u201eZukunft braucht Herkunft\u201c (Odo Marquard).<\/p>\n<p>Die Schriftleitung des Jahrbuchs des Historischen Vereins Dillingen<\/p>\n<p>[\/et_pb_text][\/et_pb_column][et_pb_column type=&#8220;1_3&#8243; _builder_version=&#8220;4.27.4&#8243; _module_preset=&#8220;default&#8220; background_color=&#8220;rgba(219,241,255,0.46)&#8220; custom_padding=&#8220;1em|1em|1em|1em|true|true&#8220; border_width_all=&#8220;1px&#8220; border_color_all=&#8220;#0C71C3&#8243; global_colors_info=&#8220;{}&#8220;][et_pb_text _builder_version=&#8220;4.27.4&#8243; _module_preset=&#8220;default&#8220; global_colors_info=&#8220;{}&#8220;]<\/p>\n<p>Links mit Zusatzinformationen f\u00fcr Autoren usw.:<\/p>\n<p>[\/et_pb_text][et_pb_button button_url=&#8220;https:\/\/www.historischer-verein-dillingen.de\/wp-content\/uploads\/2025\/05\/autoren.pdf&#8220; url_new_window=&#8220;on&#8220; button_text=&#8220;Autoren&#8220; button_alignment=&#8220;center&#8220; _builder_version=&#8220;4.27.4&#8243; _module_preset=&#8220;default&#8220; global_colors_info=&#8220;{}&#8220;][\/et_pb_button][et_pb_button button_url=&#8220;https:\/\/www.historischer-verein-dillingen.de\/wp-content\/uploads\/2025\/05\/personen.pdf&#8220; url_new_window=&#8220;on&#8220; button_text=&#8220;Personen&#8220; button_alignment=&#8220;center&#8220; _builder_version=&#8220;4.27.4&#8243; _module_preset=&#8220;default&#8220; global_colors_info=&#8220;{}&#8220;][\/et_pb_button][et_pb_button button_url=&#8220;https:\/\/www.historischer-verein-dillingen.de\/wp-content\/uploads\/2025\/05\/orte.pdf&#8220; url_new_window=&#8220;on&#8220; button_text=&#8220;Orte&#8220; button_alignment=&#8220;center&#8220; _builder_version=&#8220;4.27.4&#8243; _module_preset=&#8220;default&#8220; global_colors_info=&#8220;{}&#8220;][\/et_pb_button][et_pb_button button_url=&#8220;https:\/\/www.historischer-verein-dillingen.de\/wp-content\/uploads\/2025\/05\/chrono.pdf&#8220; url_new_window=&#8220;on&#8220; button_text=&#8220;Chronologisch&#8220; button_alignment=&#8220;center&#8220; _builder_version=&#8220;4.27.4&#8243; _module_preset=&#8220;default&#8220; global_colors_info=&#8220;{}&#8220;][\/et_pb_button][et_pb_button button_url=&#8220;https:\/\/www.historischer-verein-dillingen.de\/wp-content\/uploads\/2025\/05\/syst.pdf&#8220; url_new_window=&#8220;on&#8220; button_text=&#8220;Systematisch&#8220; button_alignment=&#8220;center&#8220; _builder_version=&#8220;4.27.4&#8243; _module_preset=&#8220;default&#8220; global_colors_info=&#8220;{}&#8220;][\/et_pb_button][et_pb_button button_url=&#8220;https:\/\/www.historischer-verein-dillingen.de\/wp-content\/uploads\/2025\/05\/rezens.pdf&#8220; url_new_window=&#8220;on&#8220; button_text=&#8220;Besprechungen&#8220; button_alignment=&#8220;center&#8220; _builder_version=&#8220;4.27.4&#8243; _module_preset=&#8220;default&#8220; global_colors_info=&#8220;{}&#8220;][\/et_pb_button][et_pb_button button_url=&#8220;https:\/\/www.historischer-verein-dillingen.de\/wp-content\/uploads\/2025\/05\/JHVD_richtlinien.pdf&#8220; url_new_window=&#8220;on&#8220; button_text=&#8220;Autoreninfo&#8220; button_alignment=&#8220;center&#8220; _builder_version=&#8220;4.27.4&#8243; _module_preset=&#8220;default&#8220; global_colors_info=&#8220;{}&#8220;][\/et_pb_button][\/et_pb_column][\/et_pb_row][et_pb_row column_structure=&#8220;1_3,1_3,1_3&#8243; _builder_version=&#8220;4.27.4&#8243; _module_preset=&#8220;default&#8220; global_colors_info=&#8220;{}&#8220;][et_pb_column type=&#8220;1_3&#8243; _builder_version=&#8220;4.27.4&#8243; _module_preset=&#8220;default&#8220; global_colors_info=&#8220;{}&#8220;][et_pb_image src=&#8220;https:\/\/www.historischer-verein-dillingen.de\/wp-content\/uploads\/2025\/05\/IMGP0180.jpeg&#8220; title_text=&#8220;IMGP0180&#8243; show_in_lightbox=&#8220;on&#8220; use_overlay=&#8220;on&#8220; hover_overlay_color=&#8220;rgba(255,255,255,0.55)&#8220; force_fullwidth=&#8220;on&#8220; _builder_version=&#8220;4.27.4&#8243; _module_preset=&#8220;default&#8220; global_colors_info=&#8220;{}&#8220;][\/et_pb_image][\/et_pb_column][et_pb_column type=&#8220;1_3&#8243; _builder_version=&#8220;4.27.4&#8243; _module_preset=&#8220;default&#8220; global_colors_info=&#8220;{}&#8220;][et_pb_image src=&#8220;https:\/\/www.historischer-verein-dillingen.de\/wp-content\/uploads\/2025\/05\/IMGP0167.jpeg&#8220; title_text=&#8220;IMGP0167&#8243; show_in_lightbox=&#8220;on&#8220; use_overlay=&#8220;on&#8220; hover_overlay_color=&#8220;rgba(255,255,255,0.55)&#8220; align=&#8220;center&#8220; _builder_version=&#8220;4.27.4&#8243; _module_preset=&#8220;default&#8220; module_alignment=&#8220;center&#8220; global_colors_info=&#8220;{}&#8220;][\/et_pb_image][\/et_pb_column][et_pb_column type=&#8220;1_3&#8243; _builder_version=&#8220;4.27.4&#8243; _module_preset=&#8220;default&#8220; global_colors_info=&#8220;{}&#8220;][et_pb_image src=&#8220;https:\/\/www.historischer-verein-dillingen.de\/wp-content\/uploads\/2025\/05\/IMGP0165.jpeg&#8220; title_text=&#8220;IMGP0165&#8243; show_in_lightbox=&#8220;on&#8220; use_overlay=&#8220;on&#8220; hover_overlay_color=&#8220;rgba(255,255,255,0.55)&#8220; force_fullwidth=&#8220;on&#8220; _builder_version=&#8220;4.27.4&#8243; _module_preset=&#8220;default&#8220; global_colors_info=&#8220;{}&#8220;][\/et_pb_image][\/et_pb_column][\/et_pb_row][\/et_pb_section][et_pb_section fb_built=&#8220;1&#8243; disabled_on=&#8220;on|on|on&#8220; _builder_version=&#8220;4.27.4&#8243; _module_preset=&#8220;default&#8220; disabled=&#8220;on&#8220; global_colors_info=&#8220;{}&#8220;][et_pb_row _builder_version=&#8220;4.27.4&#8243; _module_preset=&#8220;default&#8220; custom_padding=&#8220;17px|||||&#8220; global_colors_info=&#8220;{}&#8220;][et_pb_column type=&#8220;4_4&#8243; _builder_version=&#8220;4.27.4&#8243; _module_preset=&#8220;default&#8220; global_colors_info=&#8220;{}&#8220;][et_pb_menu menu_id=&#8220;59&#8243; menu_style=&#8220;centered&#8220; active_link_color=&#8220;#000000&#8243; disabled_on=&#8220;off|off|off&#8220; _builder_version=&#8220;4.27.4&#8243; _module_preset=&#8220;default&#8220; menu_font=&#8220;&#8211;et_global_heading_font||||||||&#8220; menu_text_color=&#8220;#0C71C3&#8243; menu_font_size=&#8220;19px&#8220; menu_line_height=&#8220;1.2em&#8220; global_colors_info=&#8220;{}&#8220;][\/et_pb_menu][\/et_pb_column][\/et_pb_row][\/et_pb_section]<\/p>\n","protected":false},"excerpt":{"rendered":"<p>JahrbuchHier finden Sie alle bisher in diese Webseite eingebundenen Jahrb\u00fccher nach Jahrg\u00e4ngen sortiert.Wir setzen die Arbeit daran st\u00e4ndig fort, es lohnt sich also sp\u00e4ter wieder vorbei zu sehen.Das Jahrbuch des Historischen Vereins Dillingen 2022\/23 befasst sich mit der Gundelfinger Spitalgeschichte Die Geschichte des Spitals in Gundelfingen steht im Mittelpunkt des neusten Jahrbuchs des Historischen Vereins [&hellip;]<\/p>\n","protected":false},"author":1,"featured_media":0,"parent":0,"menu_order":0,"comment_status":"closed","ping_status":"closed","template":"","meta":{"_et_pb_use_builder":"on","_et_pb_old_content":"<p>[et_pb_section fb_built=\"1\" _builder_version=\"4.22.2\" _module_preset=\"default\" custom_padding=\"||44px|||\" global_colors_info=\"{}\"][et_pb_row _builder_version=\"4.16\" _module_preset=\"default\" global_colors_info=\"{}\"][et_pb_column type=\"4_4\" _builder_version=\"4.16\" _module_preset=\"default\" global_colors_info=\"{}\"][et_pb_text _builder_version=\"4.27.4\" text_font=\"Arial||||||||\" text_text_color=\"#0C71C3\" text_line_height=\"2em\" header_font=\"Arial||||||||\" header_text_align=\"center\" header_text_color=\"#0C71C3\" header_font_size=\"42px\" header_line_height=\"1.2em\" custom_margin=\"|||\" hover_enabled=\"0\" text_font_size_tablet=\"\" text_font_size_phone=\"16px\" text_font_size_last_edited=\"on|phone\" header_font_size_tablet=\"50px\" header_font_size_phone=\"30px\" header_font_size_last_edited=\"on|phone\" locked=\"off\" global_colors_info=\"{}\" sticky_enabled=\"0\"]<\/p><h1>Satzung des Historischen Vereins Dillingen<\/h1><p>[\/et_pb_text][et_pb_text _builder_version=\"4.27.4\" _module_preset=\"default\" hover_enabled=\"0\" global_colors_info=\"{}\" sticky_enabled=\"0\"]<\/p><p>Auszug<\/p><p>\u00a7 1<br \/>Der Historische Verein Dillingen a. d. Donau widmet sich der Erforschung der Urgeschichte, Geschichte, Kunst- und Kulturgeschichte sowie der Volkskunst und der Volkskunde, insbesondere in der Stadt Dillingen und im Landkreis Dillingen a. d. Donau.<br \/>Der Verein hat seinen Sitz in Dillingen a. d. Donau. Er ist in das Vereinsregister eingetragen.<\/p><p>[\/et_pb_text][et_pb_button button_text=\"Hier klicken um die Satzung vollst\u00e4ndig zu lesen.\" _builder_version=\"4.27.4\" _module_preset=\"default\" button_url=\"https:\/\/www.historischer-verein-dillingen.de\/wp-content\/uploads\/2025\/05\/Satzung-des-Historischen-Vereins.pdf\" url_new_window=\"on\" hover_enabled=\"0\" sticky_enabled=\"0\" button_alignment=\"center\"][\/et_pb_button][\/et_pb_column][\/et_pb_row][et_pb_row column_structure=\"1_2,1_2\" _builder_version=\"4.27.4\" _module_preset=\"default\" animation_style=\"slide\" hover_enabled=\"0\" global_colors_info=\"{}\" sticky_enabled=\"0\"][et_pb_column type=\"1_2\" _builder_version=\"4.22.2\" _module_preset=\"default\" global_colors_info=\"{}\"][et_pb_image src=\"https:\/\/www.historischer-verein-dillingen.de\/wp-content\/uploads\/2025\/05\/IMGP9712.jpeg\" title_text=\"IMGP9712\" url=\"https:\/\/discover.matterport.com\/space\/bPsGMdzfJcH\" _builder_version=\"4.27.4\" _module_preset=\"default\" hover_enabled=\"0\" global_colors_info=\"{}\" align=\"center\" force_fullwidth=\"on\" sticky_enabled=\"0\"][\/et_pb_image][\/et_pb_column][et_pb_column type=\"1_2\" _builder_version=\"4.22.2\" _module_preset=\"default\" global_colors_info=\"{}\"][et_pb_text _builder_version=\"4.27.4\" _module_preset=\"default\" hover_enabled=\"0\" sticky_enabled=\"0\"]<\/p><p>\u00c4lteste erhaltene Urkunde der Grafen von Dillingen,<br \/>ausgestellt in Dillingen im Jahr 1220,<br \/>Schenkung an das Zisterzienserkloster Kaisheim,<br \/>Urkunde 28, Staatsarchiv Augsburg.<\/p><p>[\/et_pb_text][\/et_pb_column][\/et_pb_row][\/et_pb_section]<\/p>","_et_gb_content_width":"","footnotes":""},"class_list":["post-1490","page","type-page","status-publish","hentry"],"_links":{"self":[{"href":"https:\/\/www.historischer-verein-dillingen.de\/index.php\/wp-json\/wp\/v2\/pages\/1490","targetHints":{"allow":["GET"]}}],"collection":[{"href":"https:\/\/www.historischer-verein-dillingen.de\/index.php\/wp-json\/wp\/v2\/pages"}],"about":[{"href":"https:\/\/www.historischer-verein-dillingen.de\/index.php\/wp-json\/wp\/v2\/types\/page"}],"author":[{"embeddable":true,"href":"https:\/\/www.historischer-verein-dillingen.de\/index.php\/wp-json\/wp\/v2\/users\/1"}],"replies":[{"embeddable":true,"href":"https:\/\/www.historischer-verein-dillingen.de\/index.php\/wp-json\/wp\/v2\/comments?post=1490"}],"version-history":[{"count":28,"href":"https:\/\/www.historischer-verein-dillingen.de\/index.php\/wp-json\/wp\/v2\/pages\/1490\/revisions"}],"predecessor-version":[{"id":2522,"href":"https:\/\/www.historischer-verein-dillingen.de\/index.php\/wp-json\/wp\/v2\/pages\/1490\/revisions\/2522"}],"wp:attachment":[{"href":"https:\/\/www.historischer-verein-dillingen.de\/index.php\/wp-json\/wp\/v2\/media?parent=1490"}],"curies":[{"name":"wp","href":"https:\/\/api.w.org\/{rel}","templated":true}]}}