{"id":1533,"date":"2025-05-07T14:45:38","date_gmt":"2025-05-07T14:45:38","guid":{"rendered":"https:\/\/historischer-verein-2024.webdesign-schwaben.de\/?page_id=1533"},"modified":"2025-05-07T14:45:38","modified_gmt":"2025-05-07T14:45:38","slug":"mitgliedschaft","status":"publish","type":"page","link":"https:\/\/www.historischer-verein-dillingen.de\/index.php\/mitgliedschaft\/","title":{"rendered":"Mitgliedschaft"},"content":{"rendered":"<p>[et_pb_section fb_built=&#8220;1&#8243; _builder_version=&#8220;4.22.2&#8243; _module_preset=&#8220;default&#8220; custom_padding=&#8220;||44px|||&#8220; global_colors_info=&#8220;{}&#8220;][et_pb_row _builder_version=&#8220;4.16&#8243; _module_preset=&#8220;default&#8220; global_colors_info=&#8220;{}&#8220;][et_pb_column type=&#8220;4_4&#8243; _builder_version=&#8220;4.16&#8243; _module_preset=&#8220;default&#8220; global_colors_info=&#8220;{}&#8220;][et_pb_text _builder_version=&#8220;4.27.4&#8243; text_font=&#8220;Arial||||||||&#8220; text_text_color=&#8220;#0C71C3&#8243; text_line_height=&#8220;2em&#8220; header_font=&#8220;Arial||||||||&#8220; header_text_align=&#8220;center&#8220; header_text_color=&#8220;#0C71C3&#8243; header_font_size=&#8220;42px&#8220; header_line_height=&#8220;1.2em&#8220; custom_margin=&#8220;|||&#8220; hover_enabled=&#8220;0&#8243; text_font_size_tablet=&#8220;&#8220; text_font_size_phone=&#8220;16px&#8220; text_font_size_last_edited=&#8220;on|phone&#8220; header_font_size_tablet=&#8220;50px&#8220; header_font_size_phone=&#8220;30px&#8220; header_font_size_last_edited=&#8220;on|phone&#8220; locked=&#8220;off&#8220; global_colors_info=&#8220;{}&#8220; sticky_enabled=&#8220;0&#8243;]<\/p>\n<h1>Mitgliedschaft<\/h1>\n<p>[\/et_pb_text][\/et_pb_column][\/et_pb_row][et_pb_row _builder_version=&#8220;4.27.4&#8243; _module_preset=&#8220;default&#8220; column_structure=&#8220;1_2,1_2&#8243;][et_pb_column _builder_version=&#8220;4.27.4&#8243; _module_preset=&#8220;default&#8220; type=&#8220;1_2&#8243;][et_pb_text _builder_version=&#8220;4.27.4&#8243; _module_preset=&#8220;default&#8220; hover_enabled=&#8220;0&#8243; global_colors_info=&#8220;{}&#8220; sticky_enabled=&#8220;0&#8243;]<\/p>\n<h2>Mitgliederbeitr\u00e4ge<\/h2>\n<p>Regelbeitrag pro Jahr: 20.- \u20ac.\u00a0<\/p>\n<p>F\u00f6rderbeitrag: 25,- \u20ac<\/p>\n<p>Sch\u00fcler und Studenten: 10,- \u20ac<\/p>\n<p>&nbsp;<\/p>\n<h2>Wichtige Information f\u00fcr unsere Mitglieder:<\/h2>\n<p>Die uns vorliegenden Einzugserm\u00e4chtigungen werden als SEPA-Basis-Mandate genutzt. Dieses Lastschriftmandat wird gekennzeichnet durch:<br \/>&#8211; IBAN: DE51ZZZ00001433681<br \/>&#8211; BIC: BYLADEM1DLG<br \/>&#8211; Ihre Mandantsreferenznummer (Diese entspricht Ihrer Mitgliedsnummer im Verein. Sie finden Sie auf dem Etikett der B\u00fcchersendung links oben.)<\/p>\n<p>&nbsp;<\/p>\n<p>[\/et_pb_text][\/et_pb_column][et_pb_column _builder_version=&#8220;4.27.4&#8243; _module_preset=&#8220;default&#8220; type=&#8220;1_2&#8243;][et_pb_image src=&#8220;https:\/\/www.historischer-verein-dillingen.de\/wp-content\/uploads\/2025\/05\/Anmeldeformular-180601.jpg&#8220; _builder_version=&#8220;4.27.4&#8243; _module_preset=&#8220;default&#8220; title_text=&#8220;Anmeldeformular 180601&#8243; hover_enabled=&#8220;0&#8243; sticky_enabled=&#8220;0&#8243; url=&#8220;https:\/\/www.historischer-verein-dillingen.de\/wp-content\/uploads\/2025\/05\/Anmeldeformular-220801.pdf&#8220;][\/et_pb_image][et_pb_button button_text=&#8220;Anmeldeformular&#8220; _builder_version=&#8220;4.27.4&#8243; _module_preset=&#8220;default&#8220; hover_enabled=&#8220;0&#8243; sticky_enabled=&#8220;0&#8243; button_url=&#8220;https:\/\/www.historischer-verein-dillingen.de\/wp-content\/uploads\/2025\/05\/Anmeldeformular-220801.pdf&#8220; url_new_window=&#8220;on&#8220;][\/et_pb_button][\/et_pb_column][\/et_pb_row][et_pb_row _builder_version=&#8220;4.27.4&#8243; _module_preset=&#8220;default&#8220;][et_pb_column _builder_version=&#8220;4.27.4&#8243; _module_preset=&#8220;default&#8220; type=&#8220;4_4&#8243;][et_pb_text _builder_version=&#8220;4.27.4&#8243; _module_preset=&#8220;default&#8220; hover_enabled=&#8220;0&#8243; sticky_enabled=&#8220;0&#8243;]<\/p>\n<p style=\"font-weight: 400;\">M\u00f6glich ist auch die Zahlung eines h\u00f6heren Beitrags als<span>\u00a0<\/span>Spende.<\/p>\n<p style=\"font-weight: 400;\">Jedes Mitglied erh\u00e4lt f\u00fcr seinen Beitrag das Jahrbuch des Historischen Vereins Dillingen.<\/p>\n<p style=\"font-weight: 400;\">F\u00fcr Spenden ist Ihnen der<span>\u00a0<\/span>Historische Verein Dillingen<span>\u00a0<\/span>sehr dankbar! Spendenquittungen werden selbstverst\u00e4ndlich ausgestellt.<\/p>\n<p style=\"font-weight: 400;\">Die Kontonummer des<span>\u00a0<\/span>Historischen Vereins Dillingen<span>\u00a0<\/span>bei der Sparkasse Dillingen lautet:<\/p>\n<p style=\"font-weight: 400;\">IBAN: DE14 7225 1520 0000 0899 74<\/p>\n<p style=\"font-weight: 400;\">BIC: BYLADEM1DLG<\/p>\n<p style=\"font-weight: 400;\">\n<p style=\"font-weight: 400;\">Der Historische Verein Dillingen ist vom Finanzamt Neu-Ulm mit Bescheid vom 12.12.2004, Steuernummer 151\/109\/10085, als gemeinn\u00fctzig anerkannt. Der Beitrag wird nur f\u00fcr satzungsgem\u00e4\u00dfe Zwecke verwendet. Es wird best\u00e4tigt, dass die bezeichnete Verwendung unter die Zwecke f\u00e4llt, die nach der Anlage 7, Nr. 4 und 7 der Einkommensteuerrichtlinien als besonders f\u00f6rderw\u00fcrdig anerkannt werden.<\/p>\n<p style=\"font-weight: 400;\">Sie k\u00f6nnen dem Verein auch eine Einzugserm\u00e4chtigung erteilen.\u00a0<\/p>\n<p style=\"font-weight: 400;\">Die e-mail-Adresse des Historischen Vereins Dillingen lautet:<\/p>\n<p style=\"font-weight: 400;\"><a href=\"mailto:schatzmeister@historischer-verein-dillingen.de\">schatzmeister@historischer-verein-dillingen.de<\/a>\u00a0<\/p>\n<p style=\"font-weight: 400;\">Peter Kellermann, Schatzmeister<\/p>\n<p>[\/et_pb_text][\/et_pb_column][\/et_pb_row][\/et_pb_section]<\/p>\n","protected":false},"excerpt":{"rendered":"<p>MitgliedschaftMitgliederbeitr\u00e4ge Regelbeitrag pro Jahr: 20.- \u20ac.\u00a0 F\u00f6rderbeitrag: 25,- \u20ac Sch\u00fcler und Studenten: 10,- \u20ac &nbsp; Wichtige Information f\u00fcr unsere Mitglieder: Die uns vorliegenden Einzugserm\u00e4chtigungen werden als SEPA-Basis-Mandate genutzt. Dieses Lastschriftmandat wird gekennzeichnet durch:- IBAN: DE51ZZZ00001433681- BIC: BYLADEM1DLG- Ihre Mandantsreferenznummer (Diese entspricht Ihrer Mitgliedsnummer im Verein. Sie finden Sie auf dem Etikett der B\u00fcchersendung links oben.) [&hellip;]<\/p>\n","protected":false},"author":1,"featured_media":0,"parent":0,"menu_order":0,"comment_status":"closed","ping_status":"closed","template":"","meta":{"_et_pb_use_builder":"on","_et_pb_old_content":"<p>[et_pb_section fb_built=\"1\" _builder_version=\"4.22.2\" _module_preset=\"default\" custom_padding=\"||44px|||\" global_colors_info=\"{}\"][et_pb_row _builder_version=\"4.16\" _module_preset=\"default\" global_colors_info=\"{}\"][et_pb_column type=\"4_4\" _builder_version=\"4.16\" _module_preset=\"default\" global_colors_info=\"{}\"][et_pb_text _builder_version=\"4.27.4\" text_font=\"Arial||||||||\" text_text_color=\"#0C71C3\" text_line_height=\"2em\" header_font=\"Arial||||||||\" header_text_align=\"center\" header_text_color=\"#0C71C3\" header_font_size=\"42px\" header_line_height=\"1.2em\" custom_margin=\"|||\" hover_enabled=\"0\" text_font_size_tablet=\"\" text_font_size_phone=\"16px\" text_font_size_last_edited=\"on|phone\" header_font_size_tablet=\"50px\" header_font_size_phone=\"30px\" header_font_size_last_edited=\"on|phone\" locked=\"off\" global_colors_info=\"{}\" sticky_enabled=\"0\"]<\/p><h1>Satzung des Historischen Vereins Dillingen<\/h1><p>[\/et_pb_text][et_pb_text _builder_version=\"4.27.4\" _module_preset=\"default\" hover_enabled=\"0\" global_colors_info=\"{}\" sticky_enabled=\"0\"]<\/p><p>Auszug<\/p><p>\u00a7 1<br \/>Der Historische Verein Dillingen a. d. Donau widmet sich der Erforschung der Urgeschichte, Geschichte, Kunst- und Kulturgeschichte sowie der Volkskunst und der Volkskunde, insbesondere in der Stadt Dillingen und im Landkreis Dillingen a. d. Donau.<br \/>Der Verein hat seinen Sitz in Dillingen a. d. Donau. Er ist in das Vereinsregister eingetragen.<\/p><p>[\/et_pb_text][et_pb_button button_text=\"Hier klicken um die Satzung vollst\u00e4ndig zu lesen.\" _builder_version=\"4.27.4\" _module_preset=\"default\" button_url=\"https:\/\/www.historischer-verein-dillingen.de\/wp-content\/uploads\/2025\/05\/Satzung-des-Historischen-Vereins.pdf\" url_new_window=\"on\" hover_enabled=\"0\" sticky_enabled=\"0\" button_alignment=\"center\"][\/et_pb_button][\/et_pb_column][\/et_pb_row][et_pb_row column_structure=\"1_2,1_2\" _builder_version=\"4.27.4\" _module_preset=\"default\" animation_style=\"slide\" hover_enabled=\"0\" global_colors_info=\"{}\" sticky_enabled=\"0\"][et_pb_column type=\"1_2\" _builder_version=\"4.22.2\" _module_preset=\"default\" global_colors_info=\"{}\"][et_pb_image src=\"https:\/\/www.historischer-verein-dillingen.de\/wp-content\/uploads\/2025\/05\/IMGP9712.jpeg\" title_text=\"IMGP9712\" url=\"https:\/\/discover.matterport.com\/space\/bPsGMdzfJcH\" _builder_version=\"4.27.4\" _module_preset=\"default\" hover_enabled=\"0\" global_colors_info=\"{}\" align=\"center\" force_fullwidth=\"on\" sticky_enabled=\"0\"][\/et_pb_image][\/et_pb_column][et_pb_column type=\"1_2\" _builder_version=\"4.22.2\" _module_preset=\"default\" global_colors_info=\"{}\"][et_pb_text _builder_version=\"4.27.4\" _module_preset=\"default\" hover_enabled=\"0\" sticky_enabled=\"0\"]<\/p><p>\u00c4lteste erhaltene Urkunde der Grafen von Dillingen,<br \/>ausgestellt in Dillingen im Jahr 1220,<br \/>Schenkung an das Zisterzienserkloster Kaisheim,<br \/>Urkunde 28, Staatsarchiv Augsburg.<\/p><p>[\/et_pb_text][\/et_pb_column][\/et_pb_row][\/et_pb_section]<\/p>","_et_gb_content_width":"","footnotes":""},"class_list":["post-1533","page","type-page","status-publish","hentry"],"_links":{"self":[{"href":"https:\/\/www.historischer-verein-dillingen.de\/index.php\/wp-json\/wp\/v2\/pages\/1533","targetHints":{"allow":["GET"]}}],"collection":[{"href":"https:\/\/www.historischer-verein-dillingen.de\/index.php\/wp-json\/wp\/v2\/pages"}],"about":[{"href":"https:\/\/www.historischer-verein-dillingen.de\/index.php\/wp-json\/wp\/v2\/types\/page"}],"author":[{"embeddable":true,"href":"https:\/\/www.historischer-verein-dillingen.de\/index.php\/wp-json\/wp\/v2\/users\/1"}],"replies":[{"embeddable":true,"href":"https:\/\/www.historischer-verein-dillingen.de\/index.php\/wp-json\/wp\/v2\/comments?post=1533"}],"version-history":[{"count":3,"href":"https:\/\/www.historischer-verein-dillingen.de\/index.php\/wp-json\/wp\/v2\/pages\/1533\/revisions"}],"predecessor-version":[{"id":1540,"href":"https:\/\/www.historischer-verein-dillingen.de\/index.php\/wp-json\/wp\/v2\/pages\/1533\/revisions\/1540"}],"wp:attachment":[{"href":"https:\/\/www.historischer-verein-dillingen.de\/index.php\/wp-json\/wp\/v2\/media?parent=1533"}],"curies":[{"name":"wp","href":"https:\/\/api.w.org\/{rel}","templated":true}]}}