{"id":2143,"date":"2025-10-21T12:12:13","date_gmt":"2025-10-21T12:12:13","guid":{"rendered":"https:\/\/historischer-verein-2024.webdesign-schwaben.de\/?page_id=2143"},"modified":"2025-11-20T16:18:10","modified_gmt":"2025-11-20T16:18:10","slug":"reisen-zur-geschichte","status":"publish","type":"page","link":"https:\/\/www.historischer-verein-dillingen.de\/index.php\/reisen-zur-geschichte\/","title":{"rendered":"Reisen zur Geschichte"},"content":{"rendered":"<p>[et_pb_section fb_built=&#8220;1&#8243; _builder_version=&#8220;4.22.2&#8243; _module_preset=&#8220;default&#8220; custom_padding=&#8220;||13px|||&#8220; global_colors_info=&#8220;{}&#8220;][et_pb_row _builder_version=&#8220;4.16&#8243; _module_preset=&#8220;default&#8220; custom_padding=&#8220;||10px|||&#8220; global_colors_info=&#8220;{}&#8220;][et_pb_column type=&#8220;4_4&#8243; _builder_version=&#8220;4.16&#8243; _module_preset=&#8220;default&#8220; global_colors_info=&#8220;{}&#8220;][et_pb_text _builder_version=&#8220;4.27.4&#8243; text_font=&#8220;Arial||||||||&#8220; text_text_color=&#8220;#0C71C3&#8243; text_line_height=&#8220;2em&#8220; header_font=&#8220;Arial||||||||&#8220; header_text_align=&#8220;center&#8220; header_text_color=&#8220;#0C71C3&#8243; header_font_size=&#8220;42px&#8220; header_line_height=&#8220;1.2em&#8220; custom_margin=&#8220;|||&#8220; text_font_size_tablet=&#8220;&#8220; text_font_size_phone=&#8220;16px&#8220; text_font_size_last_edited=&#8220;on|phone&#8220; header_font_size_tablet=&#8220;50px&#8220; header_font_size_phone=&#8220;30px&#8220; header_font_size_last_edited=&#8220;on|phone&#8220; locked=&#8220;off&#8220; global_colors_info=&#8220;{}&#8220;]<\/p>\n<h1 style=\"text-align: center;\">Reisen zur Geschichte<\/h1>\n<p>[\/et_pb_text][et_pb_text _builder_version=&#8220;4.27.4&#8243; _module_preset=&#8220;default&#8220; global_colors_info=&#8220;{}&#8220;]<\/p>\n<p><strong>Liebe Besucher unser Website! Liebe Leserinnen und Leser! <\/strong><\/p>\n<p><strong>Liebe Kinder und Jugendliche!<\/strong><\/p>\n<p>Unter dieser Rubrik wollen wir Ihnen\/euch Tipps f\u00fcr Ausfl\u00fcge <strong>auf den Spuren der Geschichte<\/strong> <strong>in der Umgebung von Dillingen<\/strong> geben. Die Ziele sind einfach per Bahn, PKW, aber auch per Fahrrad zu erreichen. Zum Teil k\u00f6nnen diese Zeugnisse unserer Regionalgeschichte besichtigt werden oder bieten dem Besucher Museen mit weiterf\u00fchrenden Informationen. Oft wunderbar in der Landschaft gelegen eignen sich diese Orte aber auch f\u00fcr kleine Wanderungen in der Umgebung.<\/p>\n<p>Viel Spa\u00df beim Erkunden unserer Heimat!<\/p>\n<p>[\/et_pb_text][et_pb_text _builder_version=&#8220;4.27.4&#8243; _module_preset=&#8220;default&#8220; global_colors_info=&#8220;{}&#8220;]<\/p>\n<h1><strong>Nahe Ziele:<\/strong><\/h1>\n<ol>\n<li><strong>H\u00f6chst\u00e4dt,<\/strong> mit der <strong>Bahn <\/strong>m\u00f6glich, Programm: Besuch der Fayencen-Ausstellung oder\/und der Ausstellung \u201eSchlacht bei H\u00f6chst\u00e4dt 1704 \u2013 Battle of Blenheim\u201c im Schloss und Besuch des Zinnfiguren-Dioramas im Heimatmuseum am Marktplatz, gut auch bei schlechtem Wetter.<\/li>\n<li><strong>G\u00fcnzburg, <\/strong>mit der <strong>Bahn <\/strong>m\u00f6glich, Besuch des Heimatmuseums und Rundgang durch die Altstadt, Besuch der im Rokoko-Stil (Dominikus Zimmermann) ausgestatteten Frauenkirche.<\/li>\n<\/ol>\n<p>[\/et_pb_text][et_pb_blog fullwidth=&#8220;off&#8220; include_categories=&#8220;71&#8243; show_author=&#8220;off&#8220; show_date=&#8220;off&#8220; show_categories=&#8220;off&#8220; _builder_version=&#8220;4.27.4&#8243; _module_preset=&#8220;default&#8220; global_colors_info=&#8220;{}&#8220;][\/et_pb_blog][et_pb_text _builder_version=&#8220;4.27.4&#8243; _module_preset=&#8220;default&#8220; global_colors_info=&#8220;{}&#8220;]<\/p>\n<h1><strong>Mittlere Entfernung:<\/strong><\/h1>\n<ol>\n<li><strong>Lohnetal<\/strong>: Wanderung ab Parkplatz an der Vogelherdh\u00f6hle bei Stetten, Wanderung zur Burgruine Kaltenburg (frei zug\u00e4nglich) und\/oder zur Charlottenh\u00f6hle (Besuch von Museum und Charlottenh\u00f6hle m\u00f6glich). Wanderung bis Hermaringen zur G\u00fcssenburg (frei zug\u00e4ngliche Burgruine).<\/li>\n<li><strong>Burg Katzenstein <\/strong>bei Dischingen: Fahrt mit dem PKW oder Rad, Wanderung ab Parkplatz am H\u00e4rtsfeldsee nach Katzenstein, dort Besichtigung der Burg mit F\u00fchrung und Wanderung zum H\u00e4rtsfeldsee, kleine Rast am dortigen Kiosk und Heimfahrt. Ausgangspunkt f\u00fcr die Wanderung k\u00f6nnten auch Dischingen oder Neresheim sein. Auch Wanderung nach Norden entlang der alten R\u00f6merstra\u00dfe ab Frickingen m\u00f6glich.<\/li>\n<li><strong>Kart\u00e4user-Tal<\/strong>: Fahrt mit PKW oder Rad, Wanderung ab Christgarten \u00fcber die Burgruine Hochhaus zur Ruine Niederhaus und zur\u00fcck. Die Wanderung ist auch in umgekehrter Richtung m\u00f6glich (Parkplatz bei der Burg Niederhaus). In Christgarten auch Besuch der Klosterruine mit Chor der alten Klosterkirche m\u00f6glich.<\/li>\n<li><strong>Harburg<\/strong> bei Donauw\u00f6rth: Fahrt mit PKW, Besuch der mittelalterlichen <strong>Burg der Grafen von Oettingen<\/strong> mit F\u00fchrung, Wanderung zum westlich im Wald gelegenen Biergarten (mit Spielplatz) Eisbrunn m\u00f6glich.<\/li>\n<li>\u00a0<strong>N\u00f6rdlingen<\/strong>: Fahrt mit Bahn oder PKW, Stadtf\u00fchrung, Rundgang durch die mittelalterlich gepr\u00e4gte Stadt, Gang auf der Stadtmauer, ev. Besteigung des Turms der Stadtpfarrkirche, genannt \u201eDaniel\u201c, mit Besuch eines der dortigen Museen, z.B. des sehr interessanten Stadtmuseums oder des Rieskratermuseums.<\/li>\n<\/ol>\n<p>[\/et_pb_text][et_pb_blog fullwidth=&#8220;off&#8220; include_categories=&#8220;72&#8243; show_author=&#8220;off&#8220; show_date=&#8220;off&#8220; show_categories=&#8220;off&#8220; _builder_version=&#8220;4.27.4&#8243; _module_preset=&#8220;default&#8220; global_colors_info=&#8220;{}&#8220;][\/et_pb_blog][et_pb_text _builder_version=&#8220;4.27.4&#8243; _module_preset=&#8220;default&#8220; global_colors_info=&#8220;{}&#8220;]<\/p>\n<h1><strong>Weitere Entfernung (Tagesfahrt):<\/strong><\/h1>\n<ol>\n<li><strong>Neuburg a. d. Donau<\/strong>: mit der Bahn oder PKW, Rundgang durch die Stadt, Spaziergang an der Donau, Besuch der Museen und Ausstellungen im Schloss Neuburg. Stadtrundgang. Besuch der Provinzialbibliothek.<\/li>\n<li><strong>Wei\u00dfenburg i. Bayern<\/strong>: mit dem PKW oder der Bahn (\u00fcber Donauw\u00f6rth), Besuch der r\u00f6mischen Thermenanlage, Fu\u00dfmarsch \u00fcber das Areal des ehemaligen Kastells (Besichtigung der Rekonstruktion des Kastells mit Nordtor) zum Stadtmuseum in der Stadt mit dem ber\u00fchmten R\u00f6merschatz von Wei\u00dfenburg. Am Nachmittag besteht die M\u00f6glichkeit einer kleinen Wanderung zur Festung W\u00fclzburg \u00fcber Wei\u00dfenburg.<\/li>\n<li><strong>Aalen<\/strong>: mit dem PKW, Besuch des <strong>Limesmuseums<\/strong> ev. mit F\u00fchrung und anschlie\u00dfend des Limesfreilichtmuseums Rainau-Buch (7 km n\u00f6rdlich von Aalen) mit kleiner Wanderung entlang des Limes, Besichtigung der Rekonstruktion eines h\u00f6lzernen Limes-Wachturms und des Limes-Tors von Dalkingen.<\/li>\n<li><strong>Ellwangen<\/strong>: mit dem PKW, Besuch des <strong>Alamannenmuseums <\/strong>und der im Kern sp\u00e4tromanischen <strong>Basilika St. Vitus<\/strong>. Ebenso m\u00f6glich: Besuch der Sch\u00f6nbergkirche und des Museums im Schloss ob Ellwangen.<\/li>\n<\/ol>\n<p>Nat\u00fcrlich bieten auch die mit der Bahn gut erreichbaren alten Reichsst\u00e4dte <strong>Ulm<\/strong> und <strong>Augsburg <\/strong>vielf\u00e4ltige M\u00f6glichkeiten, Geschichte zu erkunden und einen sch\u00f6nen Aufenthalt zu genie\u00dfen. Beispielhaft sollen hier das Ulmer M\u00fcnster oder die Fuggerei in Augsburg genannt werden.<\/p>\n<p>Fortsetzung folgt \u2026<\/p>\n<p>[\/et_pb_text][et_pb_blog fullwidth=&#8220;off&#8220; include_categories=&#8220;73&#8243; show_author=&#8220;off&#8220; show_date=&#8220;off&#8220; show_categories=&#8220;off&#8220; _builder_version=&#8220;4.27.4&#8243; _module_preset=&#8220;default&#8220; hover_enabled=&#8220;0&#8243; global_colors_info=&#8220;{}&#8220; sticky_enabled=&#8220;0&#8243;][\/et_pb_blog][\/et_pb_column][\/et_pb_row][et_pb_row _builder_version=&#8220;4.27.4&#8243; _module_preset=&#8220;default&#8220; width=&#8220;90%&#8220; max_width=&#8220;1280px&#8220; global_colors_info=&#8220;{}&#8220;][et_pb_column type=&#8220;4_4&#8243; _builder_version=&#8220;4.27.4&#8243; _module_preset=&#8220;default&#8220; global_colors_info=&#8220;{}&#8220;][\/et_pb_column][\/et_pb_row][\/et_pb_section][et_pb_section fb_built=&#8220;1&#8243; _builder_version=&#8220;4.27.4&#8243; _module_preset=&#8220;default&#8220; custom_padding=&#8220;12px|||||&#8220; global_colors_info=&#8220;{}&#8220;][\/et_pb_section]<\/p>\n","protected":false},"excerpt":{"rendered":"<p>Reisen zur GeschichteLiebe Besucher unser Website! Liebe Leserinnen und Leser! Liebe Kinder und Jugendliche! Unter dieser Rubrik wollen wir Ihnen\/euch Tipps f\u00fcr Ausfl\u00fcge auf den Spuren der Geschichte in der Umgebung von Dillingen geben. Die Ziele sind einfach per Bahn, PKW, aber auch per Fahrrad zu erreichen. Zum Teil k\u00f6nnen diese Zeugnisse unserer Regionalgeschichte besichtigt [&hellip;]<\/p>\n","protected":false},"author":1,"featured_media":0,"parent":0,"menu_order":0,"comment_status":"closed","ping_status":"closed","template":"","meta":{"_et_pb_use_builder":"on","_et_pb_old_content":"<p>[et_pb_section fb_built=\"1\" _builder_version=\"4.22.2\" _module_preset=\"default\" custom_padding=\"||13px|||\" global_colors_info=\"{}\"][et_pb_row _builder_version=\"4.16\" _module_preset=\"default\" custom_padding=\"||10px|||\" global_colors_info=\"{}\"][et_pb_column type=\"4_4\" _builder_version=\"4.16\" _module_preset=\"default\" global_colors_info=\"{}\"][et_pb_text _builder_version=\"4.27.4\" text_font=\"Arial||||||||\" text_text_color=\"#0C71C3\" text_line_height=\"2em\" header_font=\"Arial||||||||\" header_text_align=\"center\" header_text_color=\"#0C71C3\" header_font_size=\"42px\" header_line_height=\"1.2em\" custom_margin=\"|||\" text_font_size_tablet=\"\" text_font_size_phone=\"16px\" text_font_size_last_edited=\"on|phone\" header_font_size_tablet=\"50px\" header_font_size_phone=\"30px\" header_font_size_last_edited=\"on|phone\" locked=\"off\" global_colors_info=\"{}\"]<\/p><h1><b>Stadtgeschichte<\/b><\/h1><p>[\/et_pb_text][et_pb_text _builder_version=\"4.27.4\" _module_preset=\"default\" custom_margin=\"||6px|||\" global_colors_info=\"{}\"]<\/p><p style=\"text-align: center;\">Hier zeigen wir ihnen eine kleine Auswahl von Exponaten zur Stadtgeschichte. Viel Spa\u00df beim Erkunden!<\/p><p style=\"text-align: left;\">[\/et_pb_text][\/et_pb_column][\/et_pb_row][\/et_pb_section][et_pb_section fb_built=\"1\" _builder_version=\"4.27.4\" _module_preset=\"default\" custom_padding=\"12px|||||\" global_colors_info=\"{}\"][et_pb_row _builder_version=\"4.27.4\" _module_preset=\"default\" width=\"90%\" max_width=\"1280px\" global_colors_info=\"{}\"][et_pb_column type=\"4_4\" _builder_version=\"4.27.4\" _module_preset=\"default\" global_colors_info=\"{}\"][et_pb_portfolio fullwidth=\"off\" posts_number=\"30\" include_categories=\"63\" _builder_version=\"4.27.4\" _module_preset=\"default\" hover_enabled=\"0\" global_colors_info=\"{}\" show_categories=\"off\" title_font_size=\"20px\" sticky_enabled=\"0\"][\/et_pb_portfolio][\/et_pb_column][\/et_pb_row][\/et_pb_section]<\/p>","_et_gb_content_width":"","footnotes":""},"class_list":["post-2143","page","type-page","status-publish","hentry"],"_links":{"self":[{"href":"https:\/\/www.historischer-verein-dillingen.de\/index.php\/wp-json\/wp\/v2\/pages\/2143","targetHints":{"allow":["GET"]}}],"collection":[{"href":"https:\/\/www.historischer-verein-dillingen.de\/index.php\/wp-json\/wp\/v2\/pages"}],"about":[{"href":"https:\/\/www.historischer-verein-dillingen.de\/index.php\/wp-json\/wp\/v2\/types\/page"}],"author":[{"embeddable":true,"href":"https:\/\/www.historischer-verein-dillingen.de\/index.php\/wp-json\/wp\/v2\/users\/1"}],"replies":[{"embeddable":true,"href":"https:\/\/www.historischer-verein-dillingen.de\/index.php\/wp-json\/wp\/v2\/comments?post=2143"}],"version-history":[{"count":20,"href":"https:\/\/www.historischer-verein-dillingen.de\/index.php\/wp-json\/wp\/v2\/pages\/2143\/revisions"}],"predecessor-version":[{"id":2520,"href":"https:\/\/www.historischer-verein-dillingen.de\/index.php\/wp-json\/wp\/v2\/pages\/2143\/revisions\/2520"}],"wp:attachment":[{"href":"https:\/\/www.historischer-verein-dillingen.de\/index.php\/wp-json\/wp\/v2\/media?parent=2143"}],"curies":[{"name":"wp","href":"https:\/\/api.w.org\/{rel}","templated":true}]}}